{"id":14,"date":"2024-07-03T04:24:34","date_gmt":"2024-07-03T04:24:34","guid":{"rendered":"https:\/\/tariana.vn\/?page_id=14"},"modified":"2024-12-13T11:35:54","modified_gmt":"2024-12-13T04:35:54","slug":"about","status":"publish","type":"page","link":"https:\/\/tariana.vn\/index.php\/about\/","title":{"rendered":"GI\u1edaI THI\u1ec6U"},"content":{"rendered":"\n<p><\/p>\n\n\n\n<div class=\"wp-block-group animated animated-fadeInUp is-content-justification-center is-nowrap is-layout-flex wp-container-core-group-is-layout-3 wp-block-group-is-layout-flex\">\n<div class=\"wp-block-group hide-on-mobile is-layout-flow wp-block-group-is-layout-flow\">\n<hr class=\"wp-block-separator has-text-color has-primary-color has-alpha-channel-opacity has-primary-background-color has-background\"\/>\n<\/div>\n\n\n\n<p class=\"has-text-align-left has-primary-color has-text-color has-medium-font-size\" style=\"letter-spacing:1px\"><strong>GI\u1edaI THI\u1ec6U S\u01a0 L\u01af\u1ee2C V\u1ec0 C\u00d4NG TY TARIANA<\/strong><\/p>\n\n\n\n<div class=\"wp-block-group hide-on-mobile is-layout-flow wp-block-group-is-layout-flow\">\n<hr class=\"wp-block-separator has-text-color has-primary-color has-alpha-channel-opacity has-primary-background-color has-background\"\/>\n<\/div>\n<\/div>\n\n\n\n<div class=\"wp-block-group is-content-justification-center is-nowrap is-layout-flex wp-container-core-group-is-layout-5 wp-block-group-is-layout-flex\">\n<figure class=\"wp-block-image size-full is-resized\"><img loading=\"lazy\" decoding=\"async\" width=\"1540\" height=\"1540\" src=\"https:\/\/tariana.vn\/wp-content\/uploads\/2024\/07\/Tariana-Logo-2.jpg\" alt=\"\" class=\"wp-image-279\" style=\"width:228px;height:auto\" srcset=\"https:\/\/tariana.vn\/wp-content\/uploads\/2024\/07\/Tariana-Logo-2.jpg 1540w, https:\/\/tariana.vn\/wp-content\/uploads\/2024\/07\/Tariana-Logo-2-300x300.jpg 300w, https:\/\/tariana.vn\/wp-content\/uploads\/2024\/07\/Tariana-Logo-2-1024x1024.jpg 1024w, https:\/\/tariana.vn\/wp-content\/uploads\/2024\/07\/Tariana-Logo-2-150x150.jpg 150w, https:\/\/tariana.vn\/wp-content\/uploads\/2024\/07\/Tariana-Logo-2-768x768.jpg 768w, https:\/\/tariana.vn\/wp-content\/uploads\/2024\/07\/Tariana-Logo-2-1536x1536.jpg 1536w, https:\/\/tariana.vn\/wp-content\/uploads\/2024\/07\/Tariana-Logo-2-475x475.jpg 475w\" sizes=\"auto, (max-width: 1540px) 100vw, 1540px\" \/><\/figure>\n\n\n\n<div class=\"wp-block-group is-layout-constrained wp-block-group-is-layout-constrained\">\n<p>T\u00ean c\u00f4ng ty : C\u00d4NG TY TNHH TARIANA <br>Vi\u1ebft t\u1eaft: TARIANA CO.,LTD<br>M\u00e3 s\u1ed1 doanh nghi\u1ec7p: 5801455417<br>V\u0103n ph\u00f2ng t\u1ea1i TP HCM : 30 \u0110\u01b0\u1eddng S\u1ed1 4, Cityland Park Hill, p.10, q.G\u00f2 V\u1ea5p<br>V\u0103n ph\u00f2ng t\u1ea1i \u0110\u00e0 L\u1ea1t : 196 Nguy\u1ec5n C\u00f4ng Tr\u1ee9, ph\u01b0\u1eddng 8, \u0110\u00e0 L\u1ea1t<br>\u0110\u01b0\u1ee3c th\u00e0nh l\u1eadp n\u0103m 2021, c\u00f9ng v\u1edbi s\u1ef1 c\u1ed9ng t\u00e1c c\u00f9ng c\u00e1c c\u00f4ng ty h\u00e0ng \u0111\u1ea7u c\u00f3 b\u1ec1 d\u00e0y kinh nghi\u1ec7m trong c\u00e1c l\u0129nh v\u1ef1c thi\u1ebft k\u1ebf ki\u1ebfn tr\u00fac, quy ho\u1ea1ch, thi\u1ebft k\u1ebf n\u1ed9i th\u1ea5t v\u00e0 ki\u1ec3u d\u00e1ng c\u00f4ng nghi\u1ec7p Vi\u1ec7t Nam, Tariana c\u00f3 th\u1ec3 \u0111\u00e1p \u1ee9ng m\u1ecdi nhu c\u1ea7u c\u1ee7a kh\u00e1ch h\u00e0ng v\u1edbi c\u00e1c d\u1ecbch v\u1ee5 sau :<br>. Thi\u1ebft k\u1ebf thi c\u00f4ng nh\u00e0 ph\u1ed1, Villa.<br>. Thi\u1ebft k\u1ec3 thi c\u00f4ng kh\u00e1ch s\u1ea1n, resort.<br>. Thi\u1ebft k\u1ec3 thi c\u00f4ng c\u0103n h\u1ed9 cho thu\u00ea. <br>. C\u1ea3i t\u1ea1o, s\u1eefa ch\u1eefa nh\u00e0.<br>. Thi\u1ebft k\u1ec3 thi c\u00f4ng d\u1ecbch v\u1ee5 kh\u00e1c : Showroom, C\u00e0 ph\u00ea, Bar, Louge, Nh\u00e0 h\u00e0ng, Karaoke, Nh\u00e0 m\u00e1y &#8211; Nh\u00e0 x\u01b0\u1edfng.<br>. T\u01b0 v\u1ea5n &#8211; L\u1eadp quy ho\u1ea1ch d\u1ef1 \u00e1n.<\/p>\n<\/div>\n<\/div>\n\n\n\n<p><\/p>\n\n\n\n<div class=\"wp-block-group animated animated-fadeInUp is-content-justification-center is-nowrap is-layout-flex wp-container-core-group-is-layout-8 wp-block-group-is-layout-flex\">\n<div class=\"wp-block-group hide-on-mobile is-layout-flow wp-block-group-is-layout-flow\">\n<hr class=\"wp-block-separator has-text-color has-primary-color has-alpha-channel-opacity has-primary-background-color has-background\"\/>\n<\/div>\n\n\n\n<p class=\"has-text-align-left has-primary-color has-text-color has-medium-font-size\" style=\"letter-spacing:1px\"><strong>M\u1ee4C TI\u00caU<\/strong><\/p>\n\n\n\n<div class=\"wp-block-group hide-on-mobile is-layout-flow wp-block-group-is-layout-flow\">\n<hr class=\"wp-block-separator has-text-color has-primary-color has-alpha-channel-opacity has-primary-background-color has-background\"\/>\n<\/div>\n<\/div>\n\n\n\n<p>C\u00e1c ph\u01b0\u01a1ng \u00e1n thi\u1ebft k\u1ebf c\u1ee7a Tariana \u0111\u1ec1u tu\u00e2n th\u1ee7 theo nguy\u00ean t\u1eafc ch\u1ea5t l\u01b0\u1ee3ng h\u00e0ng \u0111\u1ea7u. Ch\u00fang t\u00f4i lu\u00f4n th\u1ea5y r\u1eb1ng nh\u1eefng c\u00f4ng tr\u00ecnh xung quanh ch\u00fang ta \u0111\u00e3 v\u00e0 \u0111ang t\u00e1c \u0111\u1ed9ng tr\u1ef1c ti\u1ebfp \u0111\u1ebfn ch\u1ea5t l\u01b0\u1ee3ng cu\u1ed9c s\u1ed1ng, cho d\u00f9 \u0111\u00f3 l\u00e0 v\u0103n ph\u00f2ng l\u00e0m vi\u1ec7c, nh\u00e0 \u1edf hay c\u00e1c kh\u00f4ng gian c\u00f4ng c\u1ed9ng kh\u00e1c. Nh\u1eefng c\u00f4ng tr\u00ecnh \u0111\u00f3 kh\u00f4ng h\u1ec1 \u0111\u1ee9ng \u0111\u1ed9c l\u1eadp m\u00e0 thu\u1ed9c m\u1ed9t t\u1ed5ng th\u1ec3 h\u00e0i h\u00f2a, v\u00e0 c\u00f3 kh\u1ea3 n\u0103ng g\u00f3p ph\u1ea7n n\u00e2ng cao \u0111\u01b0\u1ee3c gi\u00e1 tr\u1ecb cho ng\u01b0\u1eddi s\u1eed d\u1ee5ng. Ch\u00fang t\u00f4i lu\u00f4n quan t\u00e2m \u0111\u1ebfn c\u00e1c y\u1ebfu t\u1ed1 c\u00f3 th\u1ec3 c\u00f3 \u1ea3nh h\u01b0\u1edfng x\u1ea5u \u0111\u1ebfn v\u0103n h\u00f3a, m\u00f4i tr\u01b0\u1eddng hay kh\u00ed h\u1eadu c\u1ee7a ch\u00ednh kh\u00e1ch h\u00e0ng.<br>Trong t\u1eebng d\u1ef1 \u00e1n m\u1edbi, ch\u00fang t\u00f4i nhanh ch\u00f3ng n\u1eafm b\u1eaft \u0111\u01b0\u1ee3c c\u00e1c v\u1ea5n \u0111\u1ec1 li\u00ean quan \u0111\u1ebfn c\u00f4ng tr\u00ecnh c\u0169ng nh\u01b0 m\u1ee5c \u0111\u00edch s\u1eed d\u1ee5ng c\u1ee7a n\u00f3. Th\u00f4ng qua vi\u1ec7c l\u1eafng nghe v\u00e0 ph\u00e2n t\u00edch k\u1ef9 l\u01b0\u1ee1ng c\u00e1c y\u00eau c\u1ea7u c\u1ee7a kh\u00e1ch h\u00e0ng, ch\u00fang t\u00f4i c\u00f3 th\u1ec3 \u0111\u01b0a ra nh\u1eefng ph\u01b0\u01a1ng \u00e1n thi\u1ebft k\u1ebf \u0111\u1eb7c bi\u1ec7t nh\u1ea5t. C\u00f9ng v\u1edbi vi\u1ec7c s\u1eed d\u1ee5ng c\u00e1c ph\u01b0\u01a1ng ti\u1ec7n c\u00f4ng ngh\u1ec7 cao, kh\u00e1ch h\u00e0ng c\u00f3 th\u1ec3 nhanh ch\u00f3ng tham kh\u1ea3o c\u00e1c \u00fd t\u01b0\u1edfng \u0111\u01b0\u1ee3c h\u00ecnh th\u00e0nh t\u1eeb s\u01a1 b\u1ed9 \u0111\u1ebfn chi ti\u1ebft. \u0110\u00e2y lu\u00f4n l\u00e0 n\u1ec1n t\u1ea3ng cho Tariana x\u00e2y d\u1ef1ng m\u1ed9t t\u01b0\u01a1ng lai b\u1ec1n v\u1eefng cho t\u1ea5t c\u1ea3 ch\u00fang ta.<\/p>\n\n\n\n<div class=\"wp-block-group alignwide has-background is-layout-constrained wp-block-group-is-layout-constrained\" style=\"border-style:none;border-width:0px;background-color:#fefefe;padding-top:50px;padding-bottom:80px\">\n<div class=\"wp-block-group alignwide is-layout-flow wp-container-core-group-is-layout-13 wp-block-group-is-layout-flow\" style=\"padding-bottom:30px\">\n<div class=\"wp-block-group is-layout-constrained wp-container-core-group-is-layout-12 wp-block-group-is-layout-constrained\">\n<div class=\"wp-block-group animated animated-fadeInUp is-content-justification-center is-nowrap is-layout-flex wp-container-core-group-is-layout-11 wp-block-group-is-layout-flex\">\n<div class=\"wp-block-group hide-on-mobile is-layout-flow wp-block-group-is-layout-flow\">\n<hr class=\"wp-block-separator has-text-color has-primary-color has-alpha-channel-opacity has-primary-background-color has-background\"\/>\n<\/div>\n\n\n\n<p class=\"has-text-align-left has-primary-color has-text-color has-medium-font-size\" style=\"letter-spacing:1px\"><strong>\u0110\u1ed8I NG\u0168 S\u00c1NG T\u1ea0O<\/strong><\/p>\n\n\n\n<div class=\"wp-block-group hide-on-mobile is-layout-flow wp-block-group-is-layout-flow\">\n<hr class=\"wp-block-separator has-text-color has-primary-color has-alpha-channel-opacity has-primary-background-color has-background\"\/>\n<\/div>\n<\/div>\n\n\n\n<h2 class=\"wp-block-heading has-text-align-center animated animated-fadeInUp has-slider-title-font-size\" style=\"line-height:1.3\">TH\u00c0NH VI\u00caN C\u00d4NG TY<\/h2>\n<\/div>\n<\/div>\n\n\n\n<div class=\"wp-block-columns alignwide are-vertically-aligned-top is-layout-flex wp-container-core-columns-is-layout-1 wp-block-columns-is-layout-flex\">\n<div class=\"wp-block-column is-vertically-aligned-top is-layout-flow wp-block-column-is-layout-flow\">\n<div class=\"wp-block-group alignwide animated animated-fadeInUp has-background is-layout-constrained wp-container-core-group-is-layout-16 wp-block-group-is-layout-constrained\" style=\"border-top-left-radius:5px;border-top-right-radius:5px;background-color:#ffffff00;padding-top:0px;padding-right:0px;padding-bottom:20px;padding-left:0px\">\n<div class=\"wp-block-group is-layout-flow wp-block-group-is-layout-flow\">\n<figure class=\"wp-block-image aligncenter size-full has-custom-border\"><img loading=\"lazy\" decoding=\"async\" width=\"403\" height=\"403\" src=\"https:\/\/tariana.vn\/wp-content\/uploads\/2024\/07\/Tan-Pham-.jpg\" alt=\"\" class=\"wp-image-432\" style=\"border-top-left-radius:5px;border-top-right-radius:5px;border-bottom-left-radius:0px;border-bottom-right-radius:0px\" srcset=\"https:\/\/tariana.vn\/wp-content\/uploads\/2024\/07\/Tan-Pham-.jpg 403w, https:\/\/tariana.vn\/wp-content\/uploads\/2024\/07\/Tan-Pham--300x300.jpg 300w, https:\/\/tariana.vn\/wp-content\/uploads\/2024\/07\/Tan-Pham--150x150.jpg 150w\" sizes=\"auto, (max-width: 403px) 100vw, 403px\" \/><\/figure>\n<\/div>\n\n\n\n<div class=\"wp-block-group sp-team-overlap has-shadow-dark animated animated-fadeInUp has-background-background-color has-background is-layout-flow wp-container-core-group-is-layout-15 wp-block-group-is-layout-flow\" style=\"border-radius:5px;border-bottom-color:var(--wp--preset--color--primary);border-bottom-width:3px;padding-top:15px;padding-right:15px;padding-bottom:15px;padding-left:15px\">\n<h3 class=\"wp-block-heading has-text-align-center\">Ph\u1ea1m Minh T\u00e2n<\/h3>\n\n\n\n<p class=\"has-text-align-center sp-p-lr has-primary-color has-text-color\">GI\u00c1M \u0110\u1ed0C \u0110I\u1ec0U H\u00c0NH<\/p>\n\n\n\n<p>V\u1edbi tr\u1ecdng t\u00e2m t\u00edch h\u1ee3p ki\u1ec3n tr\u00fac v\u00e0 c\u00e1c chi\u1ec1n l\u01b0\u1ee3c b\u1ec1n v\u1eefng, Mr. T\u00e2n ti\u1ebfp c\u1eadn m\u1ed7i d\u1ef1 \u00e1n nh\u01b0 m\u1ed9t c\u01a1 h\u1ed9i duy nh\u1ea5t \u0111\u1ec3 kh\u00e1m ph\u00e1 c\u00e1c \u00fd t\u01b0\u1edfng v\u1ec1 b\u1ed1i c\u1ea3nh m\u00f4i tr\u01b0\u1eddng, kinh t\u1ebf v\u00e0 x\u00e3 h\u1ed9i v\u00e0 tr\u1ea3i nghi\u1ec7m kh\u00f4ng gian.<\/p>\n<\/div>\n<\/div>\n<\/div>\n\n\n\n<div class=\"wp-block-column is-vertically-aligned-top is-layout-flow wp-block-column-is-layout-flow\">\n<div class=\"wp-block-group alignwide animated animated-fadeInUp has-background is-layout-constrained wp-container-core-group-is-layout-19 wp-block-group-is-layout-constrained\" style=\"border-top-left-radius:5px;border-top-right-radius:5px;background-color:#ffffff00;padding-top:0px;padding-right:0px;padding-bottom:20px;padding-left:0px\">\n<div class=\"wp-block-group is-layout-flow wp-block-group-is-layout-flow\">\n<figure class=\"wp-block-image aligncenter size-full has-custom-border\"><img loading=\"lazy\" decoding=\"async\" width=\"403\" height=\"403\" src=\"https:\/\/tariana.vn\/wp-content\/uploads\/2024\/09\/Nghia-Nguyen-1.jpg\" alt=\"\" class=\"wp-image-946\" style=\"border-top-left-radius:5px;border-top-right-radius:5px;border-bottom-left-radius:0px;border-bottom-right-radius:0px\"\/><\/figure>\n<\/div>\n\n\n\n<div class=\"wp-block-group sp-team-overlap has-shadow-dark animated animated-fadeInUp has-background-background-color has-background is-layout-flow wp-container-core-group-is-layout-18 wp-block-group-is-layout-flow\" style=\"border-radius:5px;border-bottom-color:var(--wp--preset--color--primary);border-bottom-width:3px;padding-top:15px;padding-right:15px;padding-bottom:15px;padding-left:15px\">\n<h3 class=\"wp-block-heading has-text-align-center\">Nguy\u1ec5n V\u0103n Ngh\u0129a<\/h3>\n\n\n\n<p class=\"has-text-align-center sp-p-lr has-primary-color has-text-color\">GI\u00c1M \u0110\u1ed0C THI C\u00d4NG<\/p>\n\n\n\n<p>V\u1edbi s\u1ef1 chuy\u00ean nghi\u1ec7p v\u00e0 s\u00e1ng t\u1ea1o, Mr. Ngh\u0129a \u0111\u00e3 d\u1eabn d\u1eaft \u0111\u1ed9i ng\u0169 thi c\u00f4ng ho\u00e0n th\u00e0nh nhi\u1ec1u ng\u00f4i nh\u00e0, t\u00f2a nh\u00e0 v\u00e0 c\u00f4ng tr\u00ecnh c\u0103n h\u1ed9 l\u1edbn. Mr. Ngh\u0129a kh\u00f4ng ch\u1ec9 \u0111\u1ea3m b\u1ea3o ti\u1ebfn \u0111\u1ed9 v\u00e0 ch\u1ea5t l\u01b0\u1ee3ng m\u00e0 c\u00f2n \u0111\u01b0a ra c\u00e1c gi\u1ea3i ph\u00e1p k\u1ef9 thu\u1eadt s\u00e1ng t\u1ea1o, t\u1ed1i \u01b0u h\u00f3a quy tr\u00ecnh x\u00e2y d\u1ef1ng v\u00e0 n\u00e2ng cao hi\u1ec7u qu\u1ea3 c\u00f4ng vi\u1ec7c.<\/p>\n<\/div>\n<\/div>\n<\/div>\n<\/div>\n\n\n\n<div class=\"wp-block-columns alignwide are-vertically-aligned-top is-layout-flex wp-container-core-columns-is-layout-2 wp-block-columns-is-layout-flex\">\n<div class=\"wp-block-column is-vertically-aligned-top is-layout-flow wp-block-column-is-layout-flow\">\n<div class=\"wp-block-group alignwide animated animated-fadeInUp has-background is-layout-constrained wp-container-core-group-is-layout-22 wp-block-group-is-layout-constrained\" style=\"border-top-left-radius:5px;border-top-right-radius:5px;background-color:#ffffff00;padding-top:0px;padding-right:0px;padding-bottom:20px;padding-left:0px\">\n<div class=\"wp-block-group is-layout-flow wp-block-group-is-layout-flow\">\n<figure class=\"wp-block-image aligncenter size-full has-custom-border\"><img loading=\"lazy\" decoding=\"async\" width=\"403\" height=\"403\" src=\"https:\/\/tariana.vn\/wp-content\/uploads\/2024\/07\/Giao-Tran.jpg\" alt=\"\" class=\"wp-image-275\" style=\"border-top-left-radius:5px;border-top-right-radius:5px;border-bottom-left-radius:0px;border-bottom-right-radius:0px\" srcset=\"https:\/\/tariana.vn\/wp-content\/uploads\/2024\/07\/Giao-Tran.jpg 403w, https:\/\/tariana.vn\/wp-content\/uploads\/2024\/07\/Giao-Tran-300x300.jpg 300w, https:\/\/tariana.vn\/wp-content\/uploads\/2024\/07\/Giao-Tran-150x150.jpg 150w\" sizes=\"auto, (max-width: 403px) 100vw, 403px\" \/><\/figure>\n<\/div>\n\n\n\n<div class=\"wp-block-group sp-team-overlap has-shadow-dark animated animated-fadeInUp has-background-background-color has-background is-layout-flow wp-container-core-group-is-layout-21 wp-block-group-is-layout-flow\" style=\"border-radius:5px;border-bottom-color:var(--wp--preset--color--primary);border-bottom-width:3px;padding-top:15px;padding-right:15px;padding-bottom:15px;padding-left:15px\">\n<h3 class=\"wp-block-heading has-text-align-center\">Tr\u1ea7n Ng\u1ecdc Giao<\/h3>\n\n\n\n<p class=\"has-text-align-center sp-p-lr has-primary-color has-text-color\">TR\u01af\u1edeNG PH\u00d2NG THI\u1ebeT K\u1ebe<\/p>\n\n\n\n<p>V\u1edbi t\u01b0 c\u00e1ch l\u00e0 Gi\u00e1m \u0111\u1ed1c Thi\u1ebft k\u1ebf, Mr. Giao \u0111\u00e3 ch\u1ee7 tr\u00ec thi\u1ebft k\u1ebf m\u1ed9t lo\u1ea1t c\u00e1c d\u1ef1 \u00e1n l\u1edbn nh\u1ecf, gi\u00fap t\u00e1i \u0111\u1ecbnh ngh\u0129a v\u00e0 n\u00e2ng cao m\u00f4i tr\u01b0\u1eddng \u0111\u00f4 th\u1ecb v\u00e0 ngo\u1ea1i \u00f4 th\u00e0nh ph\u1ed1.<\/p>\n<\/div>\n<\/div>\n<\/div>\n\n\n\n<div class=\"wp-block-column is-vertically-aligned-top is-layout-flow wp-block-column-is-layout-flow\">\n<div class=\"wp-block-group alignwide animated animated-fadeInUp has-background is-layout-constrained wp-container-core-group-is-layout-25 wp-block-group-is-layout-constrained\" style=\"border-top-left-radius:5px;border-top-right-radius:5px;background-color:#ffffff00;padding-top:0px;padding-right:0px;padding-bottom:20px;padding-left:0px\">\n<div class=\"wp-block-group is-layout-flow wp-block-group-is-layout-flow\">\n<figure class=\"wp-block-image aligncenter size-full has-custom-border\"><img loading=\"lazy\" decoding=\"async\" width=\"403\" height=\"403\" src=\"https:\/\/tariana.vn\/wp-content\/uploads\/2024\/07\/Tai-Pham-.jpg\" alt=\"\" class=\"wp-image-433\" style=\"border-top-left-radius:5px;border-top-right-radius:5px;border-bottom-left-radius:0px;border-bottom-right-radius:0px\" srcset=\"https:\/\/tariana.vn\/wp-content\/uploads\/2024\/07\/Tai-Pham-.jpg 403w, https:\/\/tariana.vn\/wp-content\/uploads\/2024\/07\/Tai-Pham--300x300.jpg 300w, https:\/\/tariana.vn\/wp-content\/uploads\/2024\/07\/Tai-Pham--150x150.jpg 150w\" sizes=\"auto, (max-width: 403px) 100vw, 403px\" \/><\/figure>\n<\/div>\n\n\n\n<div class=\"wp-block-group sp-team-overlap has-shadow-dark animated animated-fadeInUp has-background-background-color has-background is-layout-flow wp-container-core-group-is-layout-24 wp-block-group-is-layout-flow\" style=\"border-radius:5px;border-bottom-color:var(--wp--preset--color--primary);border-bottom-width:3px;padding-top:15px;padding-right:15px;padding-bottom:15px;padding-left:15px\">\n<h3 class=\"wp-block-heading has-text-align-center\">Ph\u1ea1m Minh T\u00e0i<\/h3>\n\n\n\n<p class=\"has-text-align-center sp-p-lr has-primary-color has-text-color\">TR\u01af\u1edeNG PH\u00d2NG THI C\u00d4NG<\/p>\n\n\n\n<p>V\u1edbi kinh nghi\u1ec7m c\u1ee7a m\u00ecnh, Mr. T\u00e0i \u0111\u00e3 v\u00e0 \u0111ang c\u00f9ng \u0111\u1ed9i ng\u0169 thi c\u00f4ng hi\u1ec7n th\u1ef1c h\u00f3a c\u00e1c thi\u1ebft k\u1ec3 v\u00e0 gi\u1ea5c m\u01a1 c\u1ee7a kh\u00e1ch h\u00e0ng.<\/p>\n<\/div>\n<\/div>\n<\/div>\n\n\n\n<div class=\"wp-block-column is-vertically-aligned-top is-layout-flow wp-block-column-is-layout-flow\">\n<div class=\"wp-block-group alignwide animated animated-fadeInUp has-background is-layout-constrained wp-container-core-group-is-layout-28 wp-block-group-is-layout-constrained\" style=\"border-top-left-radius:5px;border-top-right-radius:5px;background-color:#ffffff00;padding-top:0px;padding-right:0px;padding-bottom:20px;padding-left:0px\">\n<div class=\"wp-block-group is-layout-flow wp-block-group-is-layout-flow\">\n<figure class=\"wp-block-image aligncenter size-full has-custom-border\"><img loading=\"lazy\" decoding=\"async\" width=\"403\" height=\"404\" src=\"https:\/\/tariana.vn\/wp-content\/uploads\/2024\/08\/nguyen-anh-dung.jpg\" alt=\"\" class=\"wp-image-874\" style=\"border-top-left-radius:5px;border-top-right-radius:5px;border-bottom-left-radius:0px;border-bottom-right-radius:0px\"\/><\/figure>\n<\/div>\n\n\n\n<div class=\"wp-block-group sp-team-overlap has-shadow-dark animated animated-fadeInUp has-background-background-color has-background is-layout-flow wp-container-core-group-is-layout-27 wp-block-group-is-layout-flow\" style=\"border-radius:5px;border-bottom-color:var(--wp--preset--color--primary);border-bottom-width:3px;padding-top:15px;padding-right:15px;padding-bottom:15px;padding-left:15px\">\n<h3 class=\"wp-block-heading has-text-align-center\">Nguy\u1ec5n Anh D\u0169ng<\/h3>\n\n\n\n<p class=\"has-text-align-center sp-p-lr has-primary-color has-text-color\">TR\u01af\u1edeNG PH\u00d2NG MARKETING<\/p>\n\n\n\n<p>V\u1edbi nhi\u1ec1u n\u0103m kinh nghi\u1ec7m trong l\u0129nh v\u1ef1c ph\u1ea7n m\u1ec1m v\u00e0 marketing online, Mr. D\u0169ng \u0111ang t\u1eebng b\u01b0\u1edbc x\u00e2y d\u1ef1ng v\u00e0 tri\u1ec3n khai h\u1ec7 th\u1ed1ng ph\u1ea7n m\u1ec1m, website, TM\u0110T c\u00f9ng c\u00e1c chi\u1ebfn l\u01b0\u1ee3c marketing gi\u00fap c\u00e1c c\u00f4ng ty t\u0103ng tr\u01b0\u1edfng nhanh ch\u00f3ng v\u00e0 b\u1ec1n v\u1eefng.<\/p>\n\n\n\n<p><\/p>\n<\/div>\n<\/div>\n<\/div>\n<\/div>\n<\/div>\n\n\n\n<div style=\"height:61px\" aria-hidden=\"true\" class=\"wp-block-spacer\"><\/div>\n\n\n\n<p><\/p>\n\n\n\n<p><\/p>\n\n\n\n<div class=\"wp-block-group is-layout-constrained wp-block-group-is-layout-constrained\"><\/div>\n","protected":false},"excerpt":{"rendered":"<p>GI\u1edaI THI\u1ec6U S\u01a0 L\u01af\u1ee2C V\u1ec0 C\u00d4NG TY TARIANA T\u00ean c\u00f4ng ty : C\u00d4NG TY TNHH TARIANA Vi\u1ebft t\u1eaft: TARIANA CO.,LTDM\u00e3 s\u1ed1 doanh nghi\u1ec7p: 5801455417V\u0103n ph\u00f2ng t\u1ea1i TP HCM : 30 \u0110\u01b0\u1eddng S\u1ed1 4, Cityland Park Hill, p.10, q.G\u00f2 V\u1ea5pV\u0103n ph\u00f2ng t\u1ea1i \u0110\u00e0 L\u1ea1t : 196 Nguy\u1ec5n C\u00f4ng Tr\u1ee9, ph\u01b0\u1eddng 8,&hellip;<\/p>\n","protected":false},"author":1,"featured_media":7,"parent":0,"menu_order":0,"comment_status":"closed","ping_status":"closed","template":"template-pagebuilder.php","meta":{"footnotes":""},"class_list":["post-14","page","type-page","status-publish","has-post-thumbnail","hentry"],"_links":{"self":[{"href":"https:\/\/tariana.vn\/index.php\/wp-json\/wp\/v2\/pages\/14","targetHints":{"allow":["GET"]}}],"collection":[{"href":"https:\/\/tariana.vn\/index.php\/wp-json\/wp\/v2\/pages"}],"about":[{"href":"https:\/\/tariana.vn\/index.php\/wp-json\/wp\/v2\/types\/page"}],"author":[{"embeddable":true,"href":"https:\/\/tariana.vn\/index.php\/wp-json\/wp\/v2\/users\/1"}],"replies":[{"embeddable":true,"href":"https:\/\/tariana.vn\/index.php\/wp-json\/wp\/v2\/comments?post=14"}],"version-history":[{"count":43,"href":"https:\/\/tariana.vn\/index.php\/wp-json\/wp\/v2\/pages\/14\/revisions"}],"predecessor-version":[{"id":989,"href":"https:\/\/tariana.vn\/index.php\/wp-json\/wp\/v2\/pages\/14\/revisions\/989"}],"wp:featuredmedia":[{"embeddable":true,"href":"https:\/\/tariana.vn\/index.php\/wp-json\/wp\/v2\/media\/7"}],"wp:attachment":[{"href":"https:\/\/tariana.vn\/index.php\/wp-json\/wp\/v2\/media?parent=14"}],"curies":[{"name":"wp","href":"https:\/\/api.w.org\/{rel}","templated":true}]}}